{"id":104,"date":"2025-12-03T14:41:59","date_gmt":"2025-12-03T14:41:59","guid":{"rendered":"https:\/\/un-nouvel-elan-pour-epernay.fr\/?page_id=104"},"modified":"2025-12-08T10:26:53","modified_gmt":"2025-12-08T10:26:53","slug":"mentions-legales","status":"publish","type":"page","link":"https:\/\/un-nouvel-elan-pour-epernay.fr\/?page_id=104","title":{"rendered":"Mentions l\u00e9gales"},"content":{"rendered":"<p>[et_pb_section fb_built=\u00a0\u00bb1&Prime; _builder_version=\u00a0\u00bb4.27.4&Prime; _module_preset=\u00a0\u00bbdefault\u00a0\u00bb global_colors_info=\u00a0\u00bb{}\u00a0\u00bb][et_pb_row _builder_version=\u00a0\u00bb4.27.4&Prime; _module_preset=\u00a0\u00bbdefault\u00a0\u00bb global_colors_info=\u00a0\u00bb{}\u00a0\u00bb][et_pb_column type=\u00a0\u00bb4_4&Prime; _builder_version=\u00a0\u00bb4.27.4&Prime; _module_preset=\u00a0\u00bbdefault\u00a0\u00bb global_colors_info=\u00a0\u00bb{}\u00a0\u00bb][et_pb_text _builder_version=\u00a0\u00bb4.27.4&Prime; _module_preset=\u00a0\u00bbdefault\u00a0\u00bb text_font=\u00a0\u00bbMontserrat||||||||\u00a0\u00bb text_text_color=\u00a0\u00bb#1d2253&Prime; background_color=\u00a0\u00bb#FFFFFF\u00a0\u00bb global_colors_info=\u00a0\u00bb{}\u00a0\u00bb]<\/p>\n<p class=\"p2\"><span style=\"font-size: xx-large;\"><b>MENTIONS L\u00c9GALES<\/b><\/span><\/p>\n<p><b> <\/b><\/p>\n<p><b>1. \u00c9diteur du site<\/b><\/p>\n<p class=\"p1\">\u2013 Nom : Un nouvel \u00e9lan pour Epernay<br \/>\u2013 Adresse du si\u00e8ge : <span>5 rue Chocatelle 51200 Epernay<\/span><br \/>\u2013 E-mail : <a href=\"mailto:antoine0594@gmail.com\" target=\"_blank\" rel=\"noopener\">antoine0594@gmail.com<\/a><br \/>\u2013 Directeur(trice) de publication : Antoine Humbert<br \/>\u2013 Responsable de la r\u00e9daction : <span>Antoine Humbert<\/span><\/p>\n<p class=\"p2\"><b>2. H\u00e9bergeur<\/b><\/p>\n<p class=\"p1\">\u2013 Nom de l\u2019h\u00e9bergeur : OVH<br \/>\u2013 Adresse compl\u00e8te : 2, rue Kellermann, 59100 Roubaix.<\/p>\n<p class=\"p2\"><b>3. Conception \/ R\u00e9alisation du site<\/b><\/p>\n<p class=\"p1\">\u2013 Agence ou prestataire : Agence Pulsi \u2013 225 Avenue de Laon 51100 Reims<br \/>\u2013 Site web \/ contact :<span>\u00a0<\/span><a href=\"https:\/\/agencepulsi.com\/\">https:\/\/agencepulsi.com<\/a><\/p>\n<p class=\"p2\"><b>4. Propri\u00e9t\u00e9 intellectuelle<\/b><\/p>\n<p class=\"p1\">Tous les contenus (textes, images, logo, etc.) sont prot\u00e9g\u00e9s par le droit d\u2019auteur et sont la propri\u00e9t\u00e9 exclusive de Un nouvel \u00e9lan pour Epernay ou de ses partenaires. Toute reproduction totale ou partielle est interdite sans autorisation \u00e9crite.<\/p>\n<p class=\"p2\"><b>5. Responsabilit\u00e9<\/b><\/p>\n<p class=\"p1\">Un nouvel \u00e9lan pour Epernay s\u2019efforce de fournir des informations fiables, mais ne garantit pas l\u2019exactitude ou l\u2019exhaustivit\u00e9 des contenus. L\u2019\u00e9diteur ne pourra \u00eatre tenu responsable des erreurs ou omissions, en particulier celles provenant de tiers.<\/p>\n<p class=\"p2\"><b>6. Donn\u00e9es personnelles (RGPD)<\/b><\/p>\n<p class=\"p1\">\u2013 Les donn\u00e9es collect\u00e9es via les formulaires sont destin\u00e9es \u00e0 : Un nouvel \u00e9lan pour Epernay <br \/>\u2013 Droit d\u2019acc\u00e8s, rectification, suppression et opposition : contact \u00e0 xxx<br \/>\u2013 Base juridique du traitement :\u00a0<br \/>\u2013 Dur\u00e9e de conservation des donn\u00e9es : 1 an<br \/>\u2013 Registre interne des traitements tenu selon RGPD (pas de d\u00e9claration CNIL obligatoire).<\/p>\n<p class=\"p2\"><b>7. Cookies &amp; traceurs<\/b><\/p>\n<p class=\"p1\">\u2013 Utilis\u00e9s pour : fonctionnement, statistiques<br \/>\u2013 Consentement requis avant usage, possibilit\u00e9 de retrait \u00e0 tout moment.<br \/>\u2013 Conformit\u00e9 aux lignes directrices de la CNIL sur les cookies.<\/p>\n<p class=\"p2\"><b>8. Droit applicable \/ Litiges<\/b><\/p>\n<p class=\"p1\">Droit applicable : Fran\u00e7ais.<br \/>En cas de litige, juridiction comp\u00e9tente : Reims.<\/p>\n<p>[\/et_pb_text][\/et_pb_column][\/et_pb_row][\/et_pb_section]<\/p>\n","protected":false},"excerpt":{"rendered":"<p>MENTIONS L\u00c9GALES 1. \u00c9diteur du site \u2013 Nom : Un nouvel \u00e9lan pour Epernay\u2013 Adresse du si\u00e8ge : 5 rue Chocatelle 51200 Epernay\u2013 E-mail : antoine0594@gmail.com\u2013 Directeur(trice) de publication : Antoine Humbert\u2013 Responsable de la r\u00e9daction : Antoine Humbert 2. H\u00e9bergeur \u2013 Nom de l\u2019h\u00e9bergeur : OVH\u2013 Adresse compl\u00e8te : 2, rue Kellermann, 59100 Roubaix. [&hellip;]<\/p>\n","protected":false},"author":1,"featured_media":0,"parent":0,"menu_order":0,"comment_status":"closed","ping_status":"closed","template":"","meta":{"_et_pb_use_builder":"on","_et_pb_old_content":"","_et_gb_content_width":"","footnotes":""},"class_list":["post-104","page","type-page","status-publish","hentry"],"yoast_head":"<!-- This site is optimized with the Yoast SEO plugin v27.0 - https:\/\/yoast.com\/product\/yoast-seo-wordpress\/ -->\n<title>Mentions l\u00e9gales - Un nouvel \u00e9lan pour Epernay<\/title>\n<meta name=\"robots\" content=\"index, follow, max-snippet:-1, max-image-preview:large, max-video-preview:-1\" \/>\n<link rel=\"canonical\" href=\"https:\/\/un-nouvel-elan-pour-epernay.fr\/?page_id=104\" \/>\n<meta property=\"og:locale\" content=\"fr_FR\" \/>\n<meta property=\"og:type\" content=\"article\" \/>\n<meta property=\"og:title\" content=\"Mentions l\u00e9gales - Un nouvel \u00e9lan pour Epernay\" \/>\n<meta property=\"og:description\" content=\"MENTIONS L\u00c9GALES 1. \u00c9diteur du site \u2013 Nom : Un nouvel \u00e9lan pour Epernay\u2013 Adresse du si\u00e8ge : 5 rue Chocatelle 51200 Epernay\u2013 E-mail : antoine0594@gmail.com\u2013 Directeur(trice) de publication : Antoine Humbert\u2013 Responsable de la r\u00e9daction : Antoine Humbert 2. H\u00e9bergeur \u2013 Nom de l\u2019h\u00e9bergeur : OVH\u2013 Adresse compl\u00e8te : 2, rue Kellermann, 59100 Roubaix. [&hellip;]\" \/>\n<meta property=\"og:url\" content=\"https:\/\/un-nouvel-elan-pour-epernay.fr\/?page_id=104\" \/>\n<meta property=\"og:site_name\" content=\"Un nouvel \u00e9lan pour Epernay\" \/>\n<meta property=\"article:publisher\" content=\"https:\/\/www.facebook.com\/939625312559368\" \/>\n<meta property=\"article:modified_time\" content=\"2025-12-08T10:26:53+00:00\" \/>\n<meta name=\"twitter:card\" content=\"summary_large_image\" \/>\n<meta name=\"twitter:label1\" content=\"Dur\u00e9e de lecture estim\u00e9e\" \/>\n\t<meta name=\"twitter:data1\" content=\"2 minutes\" \/>\n<script type=\"application\/ld+json\" class=\"yoast-schema-graph\">{\"@context\":\"https:\/\/schema.org\",\"@graph\":[{\"@type\":\"WebPage\",\"@id\":\"https:\/\/un-nouvel-elan-pour-epernay.fr\/?page_id=104\",\"url\":\"https:\/\/un-nouvel-elan-pour-epernay.fr\/?page_id=104\",\"name\":\"Mentions l\u00e9gales - Un nouvel \u00e9lan pour Epernay\",\"isPartOf\":{\"@id\":\"https:\/\/un-nouvel-elan-pour-epernay.fr\/#website\"},\"datePublished\":\"2025-12-03T14:41:59+00:00\",\"dateModified\":\"2025-12-08T10:26:53+00:00\",\"breadcrumb\":{\"@id\":\"https:\/\/un-nouvel-elan-pour-epernay.fr\/?page_id=104#breadcrumb\"},\"inLanguage\":\"fr-FR\",\"potentialAction\":[{\"@type\":\"ReadAction\",\"target\":[\"https:\/\/un-nouvel-elan-pour-epernay.fr\/?page_id=104\"]}]},{\"@type\":\"BreadcrumbList\",\"@id\":\"https:\/\/un-nouvel-elan-pour-epernay.fr\/?page_id=104#breadcrumb\",\"itemListElement\":[{\"@type\":\"ListItem\",\"position\":1,\"name\":\"Accueil\",\"item\":\"https:\/\/un-nouvel-elan-pour-epernay.fr\/\"},{\"@type\":\"ListItem\",\"position\":2,\"name\":\"Mentions l\u00e9gales\"}]},{\"@type\":\"WebSite\",\"@id\":\"https:\/\/un-nouvel-elan-pour-epernay.fr\/#website\",\"url\":\"https:\/\/un-nouvel-elan-pour-epernay.fr\/\",\"name\":\"Un nouvel \u00e9lan pour \u00c9pernay\",\"description\":\"\",\"publisher\":{\"@id\":\"https:\/\/un-nouvel-elan-pour-epernay.fr\/#organization\"},\"potentialAction\":[{\"@type\":\"SearchAction\",\"target\":{\"@type\":\"EntryPoint\",\"urlTemplate\":\"https:\/\/un-nouvel-elan-pour-epernay.fr\/?s={search_term_string}\"},\"query-input\":{\"@type\":\"PropertyValueSpecification\",\"valueRequired\":true,\"valueName\":\"search_term_string\"}}],\"inLanguage\":\"fr-FR\"},{\"@type\":\"Organization\",\"@id\":\"https:\/\/un-nouvel-elan-pour-epernay.fr\/#organization\",\"name\":\"Antoine Humbert et la liste \\\"un nouvel \u00e9lan pour \u00c9pernay\\\"\",\"url\":\"https:\/\/un-nouvel-elan-pour-epernay.fr\/\",\"logo\":{\"@type\":\"ImageObject\",\"inLanguage\":\"fr-FR\",\"@id\":\"https:\/\/un-nouvel-elan-pour-epernay.fr\/#\/schema\/logo\/image\/\",\"url\":\"https:\/\/un-nouvel-elan-pour-epernay.fr\/wp-content\/uploads\/2025\/11\/logo_epernay-antoine.png\",\"contentUrl\":\"https:\/\/un-nouvel-elan-pour-epernay.fr\/wp-content\/uploads\/2025\/11\/logo_epernay-antoine.png\",\"width\":964,\"height\":482,\"caption\":\"Antoine Humbert et la liste \\\"un nouvel \u00e9lan pour \u00c9pernay\\\"\"},\"image\":{\"@id\":\"https:\/\/un-nouvel-elan-pour-epernay.fr\/#\/schema\/logo\/image\/\"},\"sameAs\":[\"https:\/\/www.facebook.com\/939625312559368\",\"https:\/\/www.instagram.com\/antoine_humbert_epernay\/\"]}]}<\/script>\n<!-- \/ Yoast SEO plugin. -->","yoast_head_json":{"title":"Mentions l\u00e9gales - Un nouvel \u00e9lan pour Epernay","robots":{"index":"index","follow":"follow","max-snippet":"max-snippet:-1","max-image-preview":"max-image-preview:large","max-video-preview":"max-video-preview:-1"},"canonical":"https:\/\/un-nouvel-elan-pour-epernay.fr\/?page_id=104","og_locale":"fr_FR","og_type":"article","og_title":"Mentions l\u00e9gales - Un nouvel \u00e9lan pour Epernay","og_description":"MENTIONS L\u00c9GALES 1. \u00c9diteur du site \u2013 Nom : Un nouvel \u00e9lan pour Epernay\u2013 Adresse du si\u00e8ge : 5 rue Chocatelle 51200 Epernay\u2013 E-mail : antoine0594@gmail.com\u2013 Directeur(trice) de publication : Antoine Humbert\u2013 Responsable de la r\u00e9daction : Antoine Humbert 2. H\u00e9bergeur \u2013 Nom de l\u2019h\u00e9bergeur : OVH\u2013 Adresse compl\u00e8te : 2, rue Kellermann, 59100 Roubaix. [&hellip;]","og_url":"https:\/\/un-nouvel-elan-pour-epernay.fr\/?page_id=104","og_site_name":"Un nouvel \u00e9lan pour Epernay","article_publisher":"https:\/\/www.facebook.com\/939625312559368","article_modified_time":"2025-12-08T10:26:53+00:00","twitter_card":"summary_large_image","twitter_misc":{"Dur\u00e9e de lecture estim\u00e9e":"2 minutes"},"schema":{"@context":"https:\/\/schema.org","@graph":[{"@type":"WebPage","@id":"https:\/\/un-nouvel-elan-pour-epernay.fr\/?page_id=104","url":"https:\/\/un-nouvel-elan-pour-epernay.fr\/?page_id=104","name":"Mentions l\u00e9gales - Un nouvel \u00e9lan pour Epernay","isPartOf":{"@id":"https:\/\/un-nouvel-elan-pour-epernay.fr\/#website"},"datePublished":"2025-12-03T14:41:59+00:00","dateModified":"2025-12-08T10:26:53+00:00","breadcrumb":{"@id":"https:\/\/un-nouvel-elan-pour-epernay.fr\/?page_id=104#breadcrumb"},"inLanguage":"fr-FR","potentialAction":[{"@type":"ReadAction","target":["https:\/\/un-nouvel-elan-pour-epernay.fr\/?page_id=104"]}]},{"@type":"BreadcrumbList","@id":"https:\/\/un-nouvel-elan-pour-epernay.fr\/?page_id=104#breadcrumb","itemListElement":[{"@type":"ListItem","position":1,"name":"Accueil","item":"https:\/\/un-nouvel-elan-pour-epernay.fr\/"},{"@type":"ListItem","position":2,"name":"Mentions l\u00e9gales"}]},{"@type":"WebSite","@id":"https:\/\/un-nouvel-elan-pour-epernay.fr\/#website","url":"https:\/\/un-nouvel-elan-pour-epernay.fr\/","name":"Un nouvel \u00e9lan pour \u00c9pernay","description":"","publisher":{"@id":"https:\/\/un-nouvel-elan-pour-epernay.fr\/#organization"},"potentialAction":[{"@type":"SearchAction","target":{"@type":"EntryPoint","urlTemplate":"https:\/\/un-nouvel-elan-pour-epernay.fr\/?s={search_term_string}"},"query-input":{"@type":"PropertyValueSpecification","valueRequired":true,"valueName":"search_term_string"}}],"inLanguage":"fr-FR"},{"@type":"Organization","@id":"https:\/\/un-nouvel-elan-pour-epernay.fr\/#organization","name":"Antoine Humbert et la liste \"un nouvel \u00e9lan pour \u00c9pernay\"","url":"https:\/\/un-nouvel-elan-pour-epernay.fr\/","logo":{"@type":"ImageObject","inLanguage":"fr-FR","@id":"https:\/\/un-nouvel-elan-pour-epernay.fr\/#\/schema\/logo\/image\/","url":"https:\/\/un-nouvel-elan-pour-epernay.fr\/wp-content\/uploads\/2025\/11\/logo_epernay-antoine.png","contentUrl":"https:\/\/un-nouvel-elan-pour-epernay.fr\/wp-content\/uploads\/2025\/11\/logo_epernay-antoine.png","width":964,"height":482,"caption":"Antoine Humbert et la liste \"un nouvel \u00e9lan pour \u00c9pernay\""},"image":{"@id":"https:\/\/un-nouvel-elan-pour-epernay.fr\/#\/schema\/logo\/image\/"},"sameAs":["https:\/\/www.facebook.com\/939625312559368","https:\/\/www.instagram.com\/antoine_humbert_epernay\/"]}]}},"_links":{"self":[{"href":"https:\/\/un-nouvel-elan-pour-epernay.fr\/index.php?rest_route=\/wp\/v2\/pages\/104","targetHints":{"allow":["GET"]}}],"collection":[{"href":"https:\/\/un-nouvel-elan-pour-epernay.fr\/index.php?rest_route=\/wp\/v2\/pages"}],"about":[{"href":"https:\/\/un-nouvel-elan-pour-epernay.fr\/index.php?rest_route=\/wp\/v2\/types\/page"}],"author":[{"embeddable":true,"href":"https:\/\/un-nouvel-elan-pour-epernay.fr\/index.php?rest_route=\/wp\/v2\/users\/1"}],"replies":[{"embeddable":true,"href":"https:\/\/un-nouvel-elan-pour-epernay.fr\/index.php?rest_route=%2Fwp%2Fv2%2Fcomments&post=104"}],"version-history":[{"count":5,"href":"https:\/\/un-nouvel-elan-pour-epernay.fr\/index.php?rest_route=\/wp\/v2\/pages\/104\/revisions"}],"predecessor-version":[{"id":174,"href":"https:\/\/un-nouvel-elan-pour-epernay.fr\/index.php?rest_route=\/wp\/v2\/pages\/104\/revisions\/174"}],"wp:attachment":[{"href":"https:\/\/un-nouvel-elan-pour-epernay.fr\/index.php?rest_route=%2Fwp%2Fv2%2Fmedia&parent=104"}],"curies":[{"name":"wp","href":"https:\/\/api.w.org\/{rel}","templated":true}]}}